
Calculate the remainder when 113226 is divided by 569.
564
What is the remainder when 1032 is divided by 130?
122
Calculate the remainder when 457 is divided by 119.
100
Calculate the remainder when 51425 is divided by 92.
89
Calculate the remainder when 242513 is divided by 455.
453
What is the remainder when 745674 is divided by 15?
9
What is the remainder when 6702 is divided by 156?
150
What is the remainder when 4699 is divided by 21?
16
Calculate the remainder when 1293 is divided by 57.
39
What is the remainder when 38490 is divided by 13?
10
What is the remainder when 487 is divided by 83?
72
Calculate the remainder when 1530974 is divided by 16.
14
Calculate the remainder when 34593 is divided by 76.
13
What is the remainder when 851 is divided by 168?
11
Calculate the remainder when 39709 is divided by 147.
19
Calculate the remainder when 2807 is divided by 1346.
115
What is the remainder when 3600 is divided by 153?
81
What is the remainder when 6571 is divided by 17?
9
What is the remainder when 87306 is divided by 4595?
1
What is the remainder when 113735 is divided by 113722?
13
What is the remainder when 489831 is divided by 811?
798
What is the remainder when 8194 is divided by 101?
13
Calculate the remainder when 19591 is divided by 9786.
19
What is the remainder when 12203 is divided by 2843?
831
Calculate the remainder when 120392 is divided by 400.
392
What is the remainder when 8094 is divided by 169?
151
What is the remainder when 3804 is divided by 1570?
664
What is the remainder when 3473569 is divided by 161?
155
Calculate the remainder when 5285 is divided by 242.
203
What is the remainder when 1467 is divided by 1429?
38
Calculate the remainder when 16725 is divided by 164.
161
What is the remainder when 774 is divided by 437?
337
What is the remainder when 316 is divided by 5?
1
Calculate the remainder when 6757 is divided by 22.
3
Calculate the remainder when 1044 is divided by 226.
140
Calculate the remainder when 2436583 is divided by 1386.
1381
What is the remainder when 8620 is divided by 4307?
6
Calculate the remainder when 8246 is divided by 157.
82
Calculate the remainder when 4638 is divided by 1041.
474
What is the remainder when 27085 is divided by 258?
253
Calculate the remainder when 3947 is divided by 329.
328
What is the remainder when 1024 is divided by 107?
61
What is the remainder when 29067 is divided by 31?
20
What is the remainder when 668398 is divided by 25?
23
What is the remainder when 1402460 is divided by 25?
10
What is the remainder when 24491 is divided by 1359?
29
What is the remainder when 27780 is divided by 40?
20
What is the remainder when 1981 is divided by 697?
587
What is the remainder when 62885 is divided by 91?
4
What is the remainder when 3148 is divided by 524?
4
What is the remainder when 1479 is divided by 552?
375
What is the remainder when 5680 is divided by 2839?
2
Calculate the remainder when 20913 is divided by 89.
87
Calculate the remainder when 6930 is divided by 367.
324
Calculate the remainder when 6679 is divided by 60.
19
What is the remainder when 47126 is divided by 332?
314
Calculate the remainder when 67617 is divided by 13.
4
What is the remainder when 23001 is divided by 965?
806
What is the remainder when 31840 is divided by 33?
28
What is the remainder when 153595 is divided by 324?
19
What is the remainder when 5646 is divided by 2794?
58
Calculate the remainder when 253 is divided by 32.
29
What is the remainder when 207739 is divided by 268?
39
Calculate the remainder when 1803 is divided by 743.
317
What is the remainder when 22536 is divided by 7506?
18
What is the remainder when 72195 is divided by 14?
11
Calculate the remainder when 19252 is divided by 48.
4
What is the remainder when 19001 is divided by 604?
277
Calculate the remainder when 2642 is divided by 3.
2
Calculate the remainder when 1793 is divided by 1766.
27
Calculate the remainder when 1892715 is divided by 1180.
1175
Calculate the remainder when 8401 is divided by 109.
8
What is the remainder when 2177 is divided by 84?
77
Calculate the remainder when 5904 is divided by 16.
0
What is the remainder when 569 is divided by 260?
49
Calculate the remainder when 115095 is divided by 38364.
3
What is the remainder when 16642 is divided by 18?
10
Calculate the remainder when 139832 is divided by 9.
8
What is the remainder when 513 is divided by 19?
0
What is the remainder when 3263 is divided by 3154?
109
What is the remainder when 815720 is divided by 627?
620
Calculate the remainder when 51963 is divided by 331.
327
Calculate the remainder when 79198 is divided by 10.
8
Calculate the remainder when 21319 is divided by 52.
51
What is the remainder when 1785 is divided by 564?
93
What is the remainder when 16639 is divided by 1372?
175
Calculate the remainder when 34677 is divided by 85.
82
Calculate the remainder when 554607 is divided by 68.
67
What is the remainder when 735757 is divided by 161?
148
What is the remainder when 616747 is divided by 214?
213
Calculate the remainder when 1914933 is divided by 146.
143
What is the remainder when 1313 is divided by 260?
13
What is the remainder when 625870 is divided by 2196?
10
Calculate the remainder when 17447 is divided by 5.
2
Calculate the remainder when 659 is divided by 71.
20
Calculate the remainder when 39951 is divided by 215.
176
What is the remainder when 2581 is divided by 2471?
110
Calculate the remainder when 36310 is divided by 184.
62
What is the remainder when 12388 is divided by 331?
141
What is the remainder when 12091 is divided by 178?
165
Calculate the remainder when 500 is divided by 363.
137
Calculate the remainder when 6079 is divided by 197.
169
Calculate the remainder when 16404 is divided by 73.
52
Calculate the remainder when 348586 is divided by 525.
511
What is the remainder when 24482 is divided by 297?
128
Calculate the remainder when 12373 is divided by 46.
45
What is the remainder when 81874 is divided by 27?
10
What is the remainder when 805 is divided by 224?
133
Calculate the remainder when 43229 is divided by 920.
909
What is the remainder when 50019 is divided by 490?
39
What is the remainder when 20506 is divided by 98?
24
Calculate the remainder when 1255343 is divided by 65.
63
Calculate the remainder when 6136 is divided by 361.
360
What is the remainder when 22166 is divided by 2768?
22
Calculate the remainder when 7660 is divided by 550.
510
What is the remainder when 15862 is divided by 32?
22
Calculate the remainder when 35861 is divided by 139.
138
What is the remainder when 14221 is divided by 122?
69
Calculate the remainder when 33028 is divided by 130.
8
What is the remainder when 107256 is divided by 15321?
9
Calculate the remainder when 20081 is divided by 173.
13
Calculate the remainder when 1569 is divided by 316.
305
Calculate the remainder when 17744 is divided by 467.
465
What is the remainder when 338421 is divided by 149?
42
What is the remainder when 1603 is divided by 138?
85
Calculate the remainder when 18065 is divided by 203.
201
What is the remainder when 919822 is divided by 2383?
2367
Calculate the remainder when 209956 is divided by 3.
1
What is the remainder when 2763 is divided by 944?
875
Calculate the remainder when 13443 is divided by 4338.
429
Calculate the remainder when 563 is divided by 9.
5
Calculate the remainder when 2057 is divided by 687.
683
Calculate the remainder when 353816 is divided by 332.
236
Calculate the remainder when 1139 is divided by 33.
17
Calculate the remainder when 38089 is divided by 469.
100
What is the remainder when 48600 is divided by 248?
240
Calculate the remainder when 1647 is divided by 25.
22
What is the remainder when 4039 is divided by 252?
7
What is the remainder when 155275 is divided by 12?
7
Calculate the remainder when 2050516 is divided by 23.
20
Calculate the remainder when 5167 is divided by 19.
18
Calculate the remainder when 2558603 is divided by 362.
349
Calculate the remainder when 2038858 is divided by 282.
280
Calculate the remainder when 250409 is divided by 51.
50
Calculate the remainder when 226697 is divided by 32384.
9
Calculate the remainder when 22644 is divided by 781.
776
What is the remainder when 91